 -0*x - x, 2*x = 5*s + g. Let h = 3 - -5. Calculate the remainder when h is divided by x.
3
Calculate the remainder when 1/(3/10)*(-96)/(-20) is divided by 3.
1
Let k = -180 + 281. Calculate the remainder when k is divided by 18.
11
Calculate the remainder when (-1 - 1)/12 - (-6095)/138 is divided by 15.
14
Let o(a) = 13*a**2 - 1. What is the remainder when ((-8)/6 - -1)*-141 is divided by o(-1)?
11
Let v = -27 - -31. Suppose 2*c + o - 10 = 0, -c + 2*o = 3*c - 12. Let u(k) = 4*k - 5. Calculate the remainder when u(c) is divided by v.
3
Let l(k) = k. Calculate the remainder when 50 is divided by l(18).
14
Let y = 2 + 2. Suppose 8 = -2*d + y*d. Suppose -5*q = d*o - 33, -2*q - o = 6 - 21. Calculate the remainder when 17 is divided by q.
8
Let l(x) = -x**3 + 9*x**2 + 2*x - 13. Let p be l(9). Suppose -p*n + 65 = -3*f, -3*f - 37 = -3*n + 8. Calculate the remainder when 29 is divided by n.
9
Let i be 2/(-4)*(2 + -22). Let a(c) = c + 6. Calculate the remainder when 30 is divided by a(i).
14
Suppose 0*w - 4*w + 24 = 0. Let h = -2 - -5. What is the remainder when w is divided by h?
0
Suppose -3*g + 4*g + 1 = -r, -3*r - 23 = -2*g. What is the remainder when 19 is divided by g?
3
Let a(w) = -w**3 + 8*w**2 - 3*w + 8. Let g = 35 - 14. What is the remainder when a(6) is divided by g?
20
Let d(f) = 7*f + 19. Calculate the remainder when 38 is divided by d(-2).
3
Suppose -5*v - 36 = -g, -g + 0 = -3*v - 22. Let q(s) = s**2 + 4*s - 3. What is the remainder when 52 is divided by q(v)?
16
Suppose 0 = -z + 2*z - 51. What is the remainder when z is divided by 27?
24
Let p be 0 + 4 + (-2)/1. Suppose 5*t - p = 4*t. Let z = 16 + t. Calculate the remainder when 53 is divided by z.
17
Suppose -x + 15 = -11. Let c = -6 - -11. Suppose -3*w + 36 = 3*n - c*w, -2*w = -2*n + 22. What is the remainder when x is divided by n?
12
Suppose 3*l - 4*r - 50 = l, -4*r - 27 = -l. What is the remainder when l is divided by 4?
3
Suppose -l + 3 = -17. Let o(i) = i**2 - 8*i + 8. Let s be o(8). Suppose k = 3*a - 33 + s, 5*k + 55 = 5*a. What is the remainder when l is divided by a?
6
Let a(y) = -y**3 - 12*y**2 - y + 18. What is the remainder when 88 is divided by a(-12)?
28
Let q(n) = -16*n**3 + 32*n**2 - 8*n. Let i(c) = -4*c**3 + 8*c**2 - 2*c. Let h(s) = -9*i(s) + 2*q(s). Calculate the remainder when h(3) is divided by 11.
9
Let m(d) = 83*d**3 - 3*d + 3. Calculate the remainder when m(1) is divided by 12.
11
Let j = -12 + 19. What is the remainder when 25 is divided by j?
4
Suppose -4*a = -9*a + 75. Calculate the remainder when 43 is divided by a.
13
Let y = 14 - 21. Let m = 2 - y. What is the remainder when (-2)/3 + (-53)/(-3) is divided by m?
8
Let v = 18 + -9. Let i(k) = -k**2 + 1. Let s(b) = 4*b**2 - 13*b + 11. Let x(t) = -3*i(t) - s(t). Calculate the remainder when x(10) is divided by v.
7
Let h be 2/(4/(-2)) + 3. Suppose -u + 30 = g + 4*g, 0 = 4*u - g - 57. What is the remainder when (86/(-6))/(h/(-6)) is divided by u?
13
Let y = -14 + 24. Let t = 24 - y. What is the remainder when 219/7 - 4/t is divided by 16?
15
Suppose 0 = -5*i - 5*x + 170, -6*i + 68 = -4*i - 2*x. Calculate the remainder when 63 is divided by i.
29
Suppose 0 = k + 2*j - 28, -2*k + 8*j - 4*j = -16. What is the remainder when 71 is divided by k?
17
Let i(h) = 3*h**2 + h - 1. Let u(r) = -r**2 + 2. Let j be u(2). What is the remainder when 17 is divided by i(j)?
8
Let m(j) = j**2 + 3*j + 1. Suppose -2*f = -f + 3. Let z be m(f). What is the remainder when 2 is divided by 1*(z + -1) + 2?
0
Let v = 8 + -4. Suppose v + 7 = y. What is the remainder when 21 is divided by y?
10
Suppose -3*g + 87 - 33 = 2*n, -4*g - n + 77 = 0. Let s = -2 + 8. What is the remainder when g is divided by s?
2
Let r = 3 - 3. Suppose r = -4*p - 0*p + 40. Let j(c) = c**2 - 6*c + 4. Calculate the remainder when p is divided by j(6).
2
Let w(r) = r**3 - 9*r**2 + r - 2. Let d = 16 + -7. Calculate the remainder when ((-6)/(-5) + 0)*10 is divided by w(d).
5
Suppose -z + 14 = z. Let i = -3 + z. Suppose i*f = 2 + 14. What is the remainder when f is divided by 3?
1
Suppose 0 = h + 2*h - 30. Suppose -28 = -7*i - 0. Calculate the remainder when h is divided by i.
2
Let n(k) = k**2 - 2*k - 3. Let o be n(-3). Suppose -5*m + 42 - o = 0. Calculate the remainder when 0 + 0 - (-110)/11 is divided by m.
4
Suppose 0 = -4*s + 112 + 32. Calculate the remainder when s is divided by 19.
17
What is the remainder when 54 is divided by (6 - 41)*(-2)/5?
12
Let j = 1 - 2. Let m(u) = u**3 + u**2 + 1. Let h be m(-2). Let v = j - h. What is the remainder when 5 is divided by v?
1
Let h(q) = 5*q**2 - q - 3. Suppose -3*a - b + 23 + 2 = 0, a = 2*b + 20. Calculate the remainder when h(-2) is divided by a.
9
Let g(t) = t**2 + 19*t + 8. Calculate the remainder when 13 is divided by g(-19).
5
Suppose -7*x + 120 = -2*x. Calculate the remainder when x is divided by 13.
11
Let k be (6/4 - 1)*2. What is the remainder when 15 is divided by k + (6 - 1) + 0?
3
What is the remainder when 2 + 0 - (-23 - -5) is divided by 7?
6
Let w = 22 + -13. Calculate the remainder when -3 + 0 + 1 - -26 is divided by w.
6
Suppose -5*x - 3*b = -65, -x - b + 5*b = 10. Let q = x - 4. Calculate the remainder when q is divided by 2.
0
Let s = -55 - -80. Calculate the remainder when s is divided by 14.
11
Suppose -m + 3 = 1. Suppose r - m*r = -37. What is the remainder when r is divided by 13?
11
Let l be 4/(-2)*(-1 - -4). Let r(m) = -m**2 - 6*m + 1. Let f be r(l). Calculate the remainder when (11 - f) + (1 - 0) is divided by 4.
3
Let c = -25 + 29. Let z = -5 + 7. What is the remainder when c is divided by z?
0
Suppose 0 = 13*h - 8*h - 20. Calculate the remainder when 14 is divided by h.
2
Let v be 4 + -4 - -3 - -45. What is the remainder when 24 is divided by -3 + (-1)/((-3)/v)?
11
Let f(r) = 17*r - 1. Suppose -4*m + 202 = -326. Let d = -86 + m. Calculate the remainder when d is divided by f(1).
14
Let m = 13 - -4. What is the remainder when (-98)/6*(1 + -4) is divided by m?
15
Suppose -3*h = -5*x + 182, 5*x - 108 - 54 = -2*h. What is the remainder when 101 is divided by x?
33
Suppose -2*b = -5*x + 2*b + 402, -3*x + 240 = -3*b. Calculate the remainder when x is divided by 14.
12
Suppose 2*n = 3*n - 4. Let z = -27 - -43. Calculate the remainder when z is divided by n/((-16)/18)*-2.
7
Let x(t) = -t**3 - 12*t**2 - 2*t - 9. Calculate the remainder when x(-12) is divided by 5.
0
Let c = 10 - 18. Suppose 2*n - r - 6 = 0, -1 - 5 = n + 4*r. Calculate the remainder when (-2 + c)*(-1)/2 is divided by n.
1
Suppose 2*s = -2, -75 = -2*p - s + 38. Calculate the remainder when p is divided by 29.
28
Let m be 6 + -4 + -1 + -22. Let w = -15 - -21. Let j = w - m. Calculate the remainder when j is divided by 14.
13
Let p be -2 + 4 - 1*4. Let x be ((-3)/(-2))/(p/(-4)). Suppose 6*v - v + x*z = 106, -v - z = -22. What is the remainder when v is divided by 7?
6
Let l(z) = 2*z + 1. Let t be l(-3). Let n(f) = f**3 + 5*f**2 - 6*f + 2. Calculate the remainder when n(t) is divided by 11.
10
Let g(d) = -2*d. Suppose -2*w + 19 = -3*v, -v + 2*v - 4*w + 13 = 0. Calculate the remainder when -4*(-1 - 15/4) is divided by g(v).
9
Suppose -3*c + 73 = -11. Suppose -3*l + l = -c. Calculate the remainder when l is divided by 8.
6
Let h = -23 - -38. Suppose -3*d + 4*c + 165 = 6*c, 4*c = 4*d - 240. Calculate the remainder when d is divided by h.
12
Let p(f) = -10*f - 3*f**2 + f - f**3 - 1 + 0*f - 6*f**2. Suppose -z - 8 = -0*z. What is the remainder when 27 is divided by p(z)?
6
Suppose -15 = -2*r + 5. What is the remainder when r is divided by 8?
2
Suppose -h = 3*j + h - 53, 55 = 5*j - 5*h. Let x(z) = 4*z**2 + 5*z + 2. What is the remainder when x(-3) is divided by (-189)/(-15) - 9/j?
11
Suppose -2*t - 40 = -7*t. Suppose 0 = 5*k - t*k + 75. Calculate the remainder when 73 is divided by k.
23
Let o(v) = -v**2 + 7*v - 5. Calculate the remainder when o(4) is divided by 5.
2
Suppose 5*z = -10, -2*z + 28 = -4*t - 128. Let x = -26 - t. What is the remainder when 41 is divided by x?
13
Let w = -24 + 46. Calculate the remainder when 86 is divided by w.
20
Let w be 2/10 + 1/(-5). Suppose w = -8*m + 5*m. Suppose s - 3 = -m*s. What is the remainder when 7 is divided by s?
1
Suppose s + 5*j - 70 = 0, -2*s = 3*j - 6*j - 127. What is the remainder when s is divided